i = -3*i - 132, 5*g = -m*i + 150. Calculate the highest common divisor of g and 7.
7
Suppose -3*n - 27 = 4*u - 6*u, -5*n - 53 = -4*u. What is the highest common factor of 132 and u?
12
Suppose 10*g + 55 = 15*g. Calculate the greatest common divisor of 77 and g.
11
Let r be (0 - -18)/(27/198). Suppose 63 = 5*p - 2*u - 163, -3*u - r = -3*p. What is the greatest common divisor of p and 115?
23
Let p(r) = 3*r - 3. Let n be p(2). Suppose -n*m - 36 - 15 = -d, 3*m = 2*d - 117. Let q = -37 + 43. Calculate the greatest common divisor of d and q.
6
Suppose -5*j - 75 = -f, -12 = -7*j + 10*j. What is the greatest common factor of 22 and f?
11
Let q = 187 + -184. Calculate the greatest common divisor of q and 24.
3
Let w be (-8)/10*(-935)/22. Calculate the highest common factor of 51 and w.
17
Let m = 25 + 29. What is the greatest common factor of 36 and m?
18
Let x = -1 + 5. Let g be (-28)/(-8) + (-1)/(-2). Calculate the greatest common divisor of x and g.
4
Let z be -4*(63/(-6) - 2). Let c = -26 + 46. What is the greatest common divisor of c and z?
10
Let w = 16 - 3. Suppose -2*j - 1 = -v - w, 5*j = -v + 23. Suppose 2 = -j*s + 4*p + 532, 2*p - 10 = 0. Calculate the highest common divisor of s and 10.
10
Suppose 4*h - 84 = -4. Let a be (-12)/h - 118/(-5). What is the highest common divisor of 230 and a?
23
Let p(b) = -b**2 + 3*b - 8. Let n be p(5). Let a = -75 - -31. Let v be n/(-22) + (-8)/a. What is the greatest common divisor of v and 7?
1
Suppose -2 + 14 = -3*i. Let g = -2 - i. Suppose -2*y + g*l + l = -47, 3*l = 3*y - 63. Calculate the highest common factor of 64 and y.
16
Suppose 8*l - 20 = -2*l. What is the greatest common factor of 4 and l?
2
Let g be 22/3*(-3)/(-2). What is the greatest common factor of g and 11?
11
Let c = 34 + -15. Calculate the highest common divisor of c and 95.
19
Suppose 0 = 8*c - 5*c - 168. What is the greatest common factor of c and 8?
8
Suppose 7*j - 645 = 2*j. Suppose 5*r - j = 21. What is the greatest common factor of 15 and r?
15
Let y(d) = -4*d + 3*d + 1 - 5. Let s be y(5). Let k be 3/(9/(-30))*s. What is the greatest common factor of k and 15?
15
Let d be 8/12*-3 + 14. Calculate the highest common factor of 12 and d.
12
Suppose -2*u = -4*y - 3*u + 732, 3*u = -3*y + 558. Calculate the highest common factor of 26 and y.
26
Let h be (2/6)/(6/126). Suppose 4*t - h = w + 6, -4*w + 8 = 4*t. What is the greatest common factor of t and 6?
3
Suppose 0 = 2*i + i + 3*d - 18, 4*i - 4*d = 48. Calculate the greatest common divisor of 18 and i.
9
Let q = 14 - 8. Let y be (-4)/q*459/(-6). Calculate the greatest common factor of 17 and y.
17
Suppose 3*l + d + 4*d = 22, 0 = -5*l + d + 18. Suppose -l*g = m - 2 - 12, -m + 17 = 5*g. Calculate the highest common divisor of 3 and g.
3
Suppose -7*x + 3*x + 92 = 0. Calculate the greatest common factor of 253 and x.
23
Suppose -4*i = -4*z + z - 337, 4*i + 5*z - 377 = 0. What is the highest common divisor of 11 and i?
11
Let k(u) = -u + 1. Let v(n) = 4*n - 4. Let t(d) = 12*k(d) + 2*v(d). Let j be t(-5). What is the greatest common factor of 120 and j?
24
Let a(w) = -w**3 + 7*w**2 + 9*w. Let t be a(8). What is the highest common divisor of t and 12?
4
Suppose -h + 6*h - 5 = 0. Let c(z) = z**3 - z - 9 - 7*z - 3*z + 11*z**2 - 2*z. Let d be c(-12). What is the greatest common divisor of d and h?
1
Let u = -3 - 0. Let x be (-15)/u + (0 - 2). Suppose 0 = -4*h - x*c + 103, -5*h = 2*c + 73 - 193. Calculate the greatest common divisor of h and 33.
11
Suppose -3*v = -0*v - 9. Suppose -3*l = -f - 6*l + 12, 2*l = v*f - 14. Let j(k) = k + 6. Let d be j(f). Calculate the highest common factor of 108 and d.
12
Let r be 7 - 2 - (-1)/(-1). Suppose 3*p - r*u - 15 - 10 = 0, 29 = 3*p - 5*u. Suppose -p*h + 0 = -3. What is the greatest common divisor of h and 9?
1
Let r be -3*(-2)/18 + 71/3. Calculate the greatest common divisor of 72 and r.
24
Let a(q) = q**3 + 12*q**2 + 9*q + 14. Let s be a(-11). What is the highest common factor of 4 and s?
4
Suppose 0 = 4*k - 8*k + 24. Suppose -5*u + 4*a + 13 + 33 = 0, -4*u + 5*a = -44. What is the highest common factor of k and u?
6
Suppose -5*b + 0*b - 2*l + 256 = 0, 5*b = -3*l + 254. Suppose 13 = 3*z - 2*z. What is the highest common divisor of b and z?
13
Suppose 0*t = -2*t + 24. Calculate the greatest common factor of t and 84.
12
Let m(i) = 2*i - 2. Suppose -2*x + 1 = 3*a - 13, -2*x + 16 = 4*a. Let n be m(a). Suppose 0 = n*w - 31 + 3. Calculate the highest common divisor of 98 and w.
14
Suppose -3*m = p - 44, -14 - 4 = -2*m + 5*p. Let s(a) = a**2 + 5*a + 4. Let f be s(6). Calculate the highest common factor of f and m.
14
Let s be (-2)/8 - 15/4. Let i be (-31)/(-4) - s/16. Let u be i/6*(-15)/(-2). What is the highest common factor of u and 30?
10
Suppose -2*k + 4*q + 100 = -0*k, 108 = 2*k + 4*q. Let w = 173 - k. What is the greatest common divisor of w and 11?
11
Let s = -22 + 32. Suppose -7*o + 161 = -49. Calculate the highest common divisor of o and s.
10
Let l be 30/4*(-48)/(-60). What is the highest common factor of l and 48?
6
Suppose 0*v = -4*v + 612. Suppose -3*x = -3*o - 45, 2*x - 4*o = -o + 28. Calculate the greatest common divisor of v and x.
17
Let z(r) = r**2 - r + 28. Let y be z(0). Suppose -w = o - 9, 0 = -5*o + w + 15. What is the highest common divisor of y and o?
4
Suppose -16*y + 17*y = 10. What is the greatest common factor of y and 30?
10
Let g be 3 - ((0 - -2) + -2). Suppose 0 = 3*r + h - 10 - g, 4*h = r + 13. Calculate the greatest common factor of r and 9.
3
Let c be (-2)/(-4) - (-86)/4. Calculate the highest common divisor of c and 88.
22
Let r(q) = -q - 3. Let x be r(7). Let v be 3/(-5) - 256/x. What is the greatest common divisor of v and 5?
5
Let c = -21 + 23. What is the highest common factor of c and 2?
2
Let f(u) = -80*u. Let l be f(-1). What is the greatest common factor of 16 and l?
16
Suppose 4 - 2 = d. Suppose 5*n = d*s + 220, 0*s - 2*s = -3*n + 136. Calculate the highest common divisor of n and 6.
6
Let u = -14 - -8. Let r be u/(-4)*14/3. Let v(y) = 13*y - 3. Let i be v(4). What is the highest common factor of i and r?
7
Let c = -301 + 711. Suppose -6*w = -5*s - w + c, 5 = -w. Suppose -4*m + 11 = -s. What is the highest common factor of 2 and m?
2
Suppose 6*j = j. Suppose 0 = -p + 3*w + 13 + 20, -3*p - 2*w + 143 = j. Calculate the greatest common factor of 18 and p.
9
Let l(m) = -m - 5*m + 13*m + 1. Let x be l(5). Calculate the greatest common factor of 18 and x.
18
Suppose 0 = 5*a - 4*v - 225, v + 26 = 2*a - 64. Suppose -2*l = -71 - 7. Suppose 3*u - 6 = l. What is the greatest common factor of a and u?
15
Let o = 2 + 2. Suppose -o*t = 3*b + 2 - 8, 3*t - 11 = b. What is the highest common divisor of 3 and t?
3
Suppose 25*d - 29*d = -88. What is the highest common factor of 33 and d?
11
Suppose -2*w + 22 + 44 = 0. Let q = 44 + -22. Calculate the highest common divisor of w and q.
11
Let a(z) = 6*z - 9. Let w(n) = -n. Let h(g) = a(g) + 3*w(g). Let r be h(6). Let c be 0 + r + (-7 - -5). What is the highest common factor of c and 49?
7
Let w(k) = 0*k + k + 4*k - k. Let h be w(8). Let g = -13 - -21. Calculate the greatest common divisor of g and h.
8
Let c = -1903 - -1051. Let j be 12/9 + c/(-9). What is the highest common divisor of j and 12?
12
Let u = 28 - 20. Let y be 2/u + (-342)/(-8). Let x = y - 30. What is the highest common divisor of x and 117?
13
Let d(k) = -8*k - 12. Let q be d(-4). What is the highest common divisor of q and 100?
20
Suppose -10 = 185*y - 187*y. Suppose 3*h + 24 = -3*k + 96, 4*h - 2*k - 102 = 0. Calculate the highest common divisor of y and h.
5
Let w be (3 + -8 - -3 - 1) + 36. Suppose -q - 5*x - 13 = 0, -5*q - 8 = -3*q + 4*x. Suppose -w = -g - q*g. Calculate the highest common factor of 88 and g.
11
Let h(v) be the third derivative of v**4/24 + 11*v**3/6 - 3*v**2. Let i be h(-8). What is the greatest common divisor of 9 and i?
3
Let a(f) = 4*f - 2. Let v = -3 - -6. Let w be a(v). Suppose 2*c + n = -0*c, 5*n = -5*c - w. Calculate the greatest common divisor of 3 and c.
1
Let p = -19 - -42. Calculate the greatest common divisor of p and 23.
23
Let n = 16 + 75. Suppose -4*m = -3*z + 7 + n, m = -z + 28. Calculate the greatest common divisor of 6 and z.
6
Let c be 231/(-7)*(-52)/6. Calculate the greatest common 